l*a + 33, 2*q = -6. Let z be (126/8)/(a/(80/(-6))). Calculate the highest common divisor of z and 12.
6
Let h(d) = -d**3 - 51*d**2 + 54*d + 117. Let n be h(-52). What is the highest common factor of 377 and n?
13
Let a be (-3 - (4 + (-115)/20))*-4. Suppose -o + 4*x = -6*o + 45, 2*o - a*x - 51 = 0. Calculate the highest common divisor of 65 and o.
13
Let b be 1*-67*(-4)/(3 - -1). Suppose -17*u = -18*u + 3*x + 3, -5*u + b = -2*x. Let p be (33/(-2))/(3/(-30)). Calculate the highest common factor of p and u.
15
Let q(f) = 1052*f**2 + 89*f + 6. Let k be q(-3). What is the greatest common divisor of k and 88?
11
Let y = -16140 + 18802. What is the greatest common factor of y and 99?
11
Suppose -296062 = -276*v + 285611 + 34083. What is the greatest common divisor of v and 485?
97
Let g(r) = r - 2. Let w be g(6). Suppose -w*f - 164 = -6*f. Let h = f - 54. What is the highest common factor of 140 and h?
28
Suppose -24*d + 10*d + 2141 = 41. Calculate the highest common factor of 1095 and d.
15
Let w(l) = 57*l. Let b be w(4). Let d be 234/20 + 5763/19210. Calculate the greatest common divisor of d and b.
12
Suppose 2*g - 126 = -g. Suppose 5*n - 2 - 23 = 0, -20 = b - 5*n. Suppose b - 19 = -k. What is the greatest common divisor of k and g?
14
Let g(y) = -y**2 - 19*y + 4. Let f be g(-9). What is the greatest common divisor of 3713 and f?
47
Let z = 6600 + -6573. Calculate the greatest common factor of 213 and z.
3
Suppose -4*n = -1634 + 1410. Calculate the greatest common factor of n and 756.
28
Let y = -3040 + 4931. What is the highest common divisor of 183 and y?
61
Let q be (-2)/(-2 - 0)*(105 + 7). Suppose 4442 = 5*j + 4282. What is the greatest common factor of j and q?
16
Suppose -2*y = x - 891, 2*y + 352 = 4*x + 1268. Let n be 8/(-44) + 1410/11. Calculate the greatest common divisor of y and n.
64
Suppose -21*p - 22 = -w - 23*p, 3*p = -2*w + 49. Let z be w/(-40) + 2 + (-370)/(-25). Calculate the highest common divisor of 4 and z.
4
Suppose -2*f + 308 = 5*b, 0*b - 4*b + f + 249 = 0. Suppose 13*w - 15*w - 12 = 0. Let t = b - w. What is the greatest common factor of 17 and t?
17
Suppose 0*k = -3*k. Suppose k = n - 2*n + 28. Suppose -63*j + 2891 = 2450. What is the greatest common divisor of j and n?
7
Suppose 7*g + 2*c + 4981 - 41526 = 0, 2*c - 12 = 0. What is the greatest common factor of 119 and g?
17
Let m be -1 - -84 - (3 - 0/(-2)). Suppose 4*l - 2*z - m = -16, 5*z - 50 = -4*l. What is the greatest common divisor of 285 and l?
15
Suppose 0*r + 5*r = 55. Let p = -690 - -694. Suppose -2*n - 61 - 255 = -4*o, -324 = -p*o + 4*n. Calculate the highest common divisor of r and o.
11
Suppose 265*o - 722 = 1305 + 888. What is the greatest common factor of 2981 and o?
11
Let s = -1 - -6. Let q be (-2 - -7)*16/s. Suppose c - 2*t - 26 = 0, 2*t - 4 + 6 = 0. What is the greatest common factor of q and c?
8
Let u(s) = -s**3 + 11*s**2 - 18*s + 4. Let d be u(8). Suppose 2*t - m - 100 = -3*m, 0 = t - m - d. What is the highest common divisor of t and 136?
17
Suppose -4*o + v = -177 - 174, 4*o - 5*v = 379. Calculate the highest common divisor of o and 10750.
86
Suppose -p - p - 2*o = -18, 2*p - 5*o = 4. Let k(q) = 2*q**2 + 3*q - 17. Let r be k(p). Calculate the highest common divisor of 170 and r.
34
Let j = 2867 - 2804. Suppose l = 3*l - 18. What is the highest common factor of j and l?
9
Let u = 27776 - 27246. Calculate the highest common divisor of 30 and u.
10
Let b be (2/(-4))/((-3)/(-6)). Let z = 5 - b. Suppose z*f - 197 + 71 = 0. Calculate the highest common divisor of f and 14.
7
Suppose -2389*s - o = -2388*s - 109, -3*s + 339 = -o. Suppose 28 = -0*a + 4*a. What is the greatest common factor of a and s?
7
Let t be ((-9)/(54/48))/((-2)/31). Let z = -120 + t. Calculate the greatest common divisor of 4 and z.
4
Suppose 342*c + 344*c - 690*c = -100. What is the highest common factor of 10975 and c?
25
Suppose -9*f + 81 = -5*f - 3*w, 2*f - 43 = w. Calculate the highest common divisor of f and 296.
8
Suppose 0 = -m + 4*l + 208 + 48, 5*m + 5*l - 1430 = 0. What is the greatest common factor of m and 1232?
56
Suppose -5*n + j = -494, -144 = -4*n - j + 253. What is the highest common factor of 351 and n?
9
Let y be 9*10/(-540) + 630511/42. What is the greatest common divisor of y and 216?
108
Let i(r) = r**3 + 17*r**2 + 9*r + 616. Let q be i(-18). What is the greatest common divisor of 70 and q?
10
Let x be 36 - (54/18 + 4/(-2)). What is the greatest common divisor of x and 115?
5
Let o = -8443 + 8866. What is the greatest common factor of 799 and o?
47
Let u(f) = -f + 26 + 142*f**3 + 22 - 47. Let y be u(1). Suppose i + 25 = y. What is the greatest common divisor of i and 26?
13
Suppose 31*y + 125*y - 2496 = 0. Calculate the greatest common divisor of 72 and y.
8
Let u = -359 + -2. Let z = 537 + u. Suppose 5*t + 32 = h, -3*h - 27 = 2*t - 89. Calculate the highest common factor of h and z.
22
Let o be 2214/7 + 1/(21/(-6)). Let b = 753 - o. What is the highest common divisor of 19 and b?
19
Let y = 9380 - 9272. What is the highest common factor of 8 and y?
4
Let w(b) = 2*b**3 + 7 + 3*b + 21*b**2 - 12*b**2 + b**2. Let t be w(-5). Let x be t/44 + (-285)/(-55). Calculate the greatest common factor of x and 20.
5
Suppose 0 = 5*c + 13*w - 12*w, 5*w = c. Suppose 2*x - 6 - 34 = c. What is the highest common divisor of 10 and x?
10
Let c(k) = 10*k - 6. Let r be c(5). Suppose -q - 3*g + 1471 = 1331, 5*q - 719 = 4*g. Calculate the highest common divisor of r and q.
11
Let h(b) = 8*b + 1174. Let m be h(9). Calculate the greatest common factor of m and 14.
14
Suppose 3*r = -r. Suppose 8*d - 6*d + w = 10, 5*d = 3*w + 25. Let c be d/25*r - -57. Calculate the greatest common divisor of c and 19.
19
Let g = -268 - -294. Suppose 0 = -0*o - 2*o - r + g, -r - 4 = 0. Calculate the greatest common divisor of o and 300.
15
Let i(v) = 78*v + 3. Let a be i(1). Suppose 211 + 164 = c + 105. Calculate the highest common divisor of c and a.
27
Let b be (18/10)/(39/65). Suppose 0 = -m + b + 33. What is the greatest common factor of m and 24?
12
Let l = 63 - 30. Let v = 30 + l. What is the highest common factor of v and 14?
7
Let f(x) = -17*x - 13. Let m(o) = -o**2 - 13*o - 7. Let s be m(-6). Let v = s - 37. Let a be f(v). What is the highest common factor of a and 147?
21
Let j be ((-264)/(-9))/(10 - 224/24). Calculate the greatest common divisor of 212 and j.
4
Suppose 4*u - 5*s = 5375, -5*u + 11*s = -3*u - 2747. What is the greatest common factor of 105 and u?
15
Let u be (-1536)/1152*(1 + (-353)/2). What is the greatest common factor of u and 3354?
78
Let u = -24 - -30. Suppose 0 = u*f + 216 + 510. Let n = -109 - f. What is the greatest common factor of n and 96?
12
Let b(i) = 9*i**3 - 3*i + 3. Let m be b(1). What is the highest common divisor of 1557 and m?
9
Let z be (2/(-4))/((-15)/(-120)). Let v be (1/(z/4))/((-3)/42). Calculate the highest common factor of 98 and v.
14
Suppose -3*t + 36 + 50 = 2*b, 2*b = -t + 30. Let z(n) = 2*n + 4. Suppose 3 = d - 2. Let x be z(d). Calculate the greatest common divisor of x and t.
14
Let f(y) = -70 + 16 - 22*y + 18. Let a be f(-3). Suppose 0 = -4*z - 3*d + 177, 4*z + 29 = -2*d + 207. What is the greatest common divisor of a and z?
15
Let d = 2700 + -2685. Calculate the highest common factor of d and 7650.
15
Suppose 2*b - 3*t - 56606 = 0, 2*b - 23*t = -18*t + 56590. Calculate the highest common factor of b and 35.
35
Suppose -g + 3*g = 5*l + 5, 3*g = -l - 1. Let k be (-83)/l + 2 + 75/(-15). Calculate the greatest common divisor of 10 and k.
10
Let s = -1 + 129. Suppose -3*k - 5*m = 11, 4*m = 960*k - 961*k - 20. What is the highest common divisor of s and k?
8
Let d(j) = j**3 + 11*j**2 - 13*j - 44. Suppose -6*a = -9*a - 2*f - 41, -2*a + 5*f - 2 = 0. Let m be d(a). Calculate the greatest common divisor of m and 66.
33
Let p be 14/((-196)/(-161))*2. Calculate the highest common factor of p and 16307.
23
Let t be (-576)/(-162)*3/(-4)*(-1362)/4. Calculate the greatest common factor of 20 and t.
4
Let i = 246 - 141. Let t(x) = -x**3 - 6*x**2 - 16*x - 66. Let k be t(-6). What is the greatest common divisor of i and k?
15
Let p(m) = -2*m**3 + 20*m**2 + 6*m + 12. Let g be p(10). What is the highest common factor of g and 8838?
18
Let c(k) = 4*k**2 + 152*k + 1042